 of a and 24?
4
Let h(m) = -m**2 - 8*m - 5. Let k be h(-5). Suppose -4*u + 135 - 55 = 0. Calculate the highest common divisor of u and k.
10
Suppose p = 42 - 8. What is the highest common divisor of 51 and p?
17
Let q be 6 + -3 + 28 - 3. Suppose n + n - y + 135 = 0, -2*n - 141 = y. Let o be 1 - -1 - (n - -1). What is the greatest common divisor of q and o?
14
Let r = 2 + -2. Suppose o + 2*o - 165 = r. Suppose -5*v = -15, -5*v - o = 5*x - 10*x. What is the highest common factor of 2 and x?
2
Suppose -w + 13 = 1. What is the highest common factor of 96 and w?
12
Suppose -11 = -6*n + 7. Suppose 4*j - a = -3*a + 44, n*j = -2*a + 31. What is the highest common divisor of 39 and j?
13
Suppose 0 = -3*c - 0*c + 144. What is the highest common factor of 12 and c?
12
Suppose 6*k - 2*k = 20. Calculate the greatest common divisor of 45 and k.
5
Let g = -2 - -226. What is the greatest common factor of g and 14?
14
Let o be (-6)/(-21) + (-150)/(-14). Suppose o*q - 28 = 9*q. What is the greatest common divisor of q and 21?
7
Let n be (-4 - -2) + -2 - -20. Suppose 2*x = -k + 9 - 4, -x + 4 = 0. Let r be 704/6*k/(-2). Calculate the highest common divisor of n and r.
16
Let g(r) = -9*r - 10. Let v be g(-10). Let y = -3 - -23. What is the greatest common factor of v and y?
20
Let q(f) = -4*f + 51. Let t be q(-9). Calculate the highest common factor of t and 58.
29
Let b be -2 + ((-4)/2)/(-1). Suppose u = -b*u + 27. What is the highest common factor of u and 27?
27
Let v = -95 + 135. What is the highest common factor of v and 10?
10
Suppose -27 = -2*x + 3*q, -119 = -5*x - 3*q - 20. What is the greatest common factor of x and 18?
18
Let q be (-9)/(-6) - 266/(-4). Suppose -q = -0*i - 4*i. Calculate the greatest common divisor of 34 and i.
17
Let q = 4 - -12. Suppose 2 = 2*x - 38. Let i = x - -20. What is the greatest common divisor of i and q?
8
Let m = 162 - 30. Let t(y) = 13*y - 1. Let p be t(1). Calculate the highest common divisor of m and p.
12
Suppose -134 = -o + 11. Let s(i) = 8*i**3 - 2*i**2 + i. Let v be s(2). Calculate the greatest common divisor of v and o.
29
Let x be -4 - (-4 + (3 - 7)). Calculate the highest common divisor of x and 4.
4
Let w(c) = c**3 + c**2 + 5. Let h be w(0). Suppose -2*l + h*z = -263, 2*l - 253 = -0*l + 3*z. What is the greatest common factor of 17 and l?
17
Let s = -11 - -31. Calculate the greatest common factor of s and 5.
5
Suppose m - 2*m + 9 = 0. Calculate the greatest common factor of 36 and m.
9
Let l be 5/25 - 42/(-15). Suppose -r + l*r = 24. What is the highest common divisor of r and 24?
12
Let h be -1*(1 - (0 + 0)). Suppose -2 + 7 = -5*g. Let c be (-19)/h + g + 2. Calculate the highest common factor of 50 and c.
10
Suppose 22 = 3*f - 62. Calculate the greatest common factor of f and 42.
14
Suppose -4*o = -3*o - 4. What is the highest common divisor of 6 and o?
2
Suppose 209 = 2*i + 19. Calculate the highest common factor of i and 38.
19
Let v(d) = -14*d**3 - d**2. Let r be v(-1). Calculate the greatest common divisor of 117 and r.
13
Let o be (2/2 - -2) + (27 - 10). What is the greatest common factor of 70 and o?
10
Let j(l) = 4*l**2 + l - 3*l**2 + 0*l**2 + 0 + 5 - l**3. Let g be j(0). What is the highest common factor of 2 and g?
1
Suppose 5*q = 4*u - 134, 3*u = u - 2*q + 76. What is the highest common divisor of 54 and u?
18
Let g be 2*(1 + 213/6). Suppose 0 = -x + u + 61, x + g = 2*x + 5*u. Calculate the highest common factor of x and 7.
7
Let i(l) = 191*l + 16. Let g be i(1). Calculate the greatest common factor of g and 9.
9
Let v(o) = -2*o**2 + 50*o. Let b be v(24). Calculate the highest common divisor of 48 and b.
48
Let d(a) = 21*a**3 - 1. Let z be d(1). Calculate the highest common factor of z and 4.
4
Let u(i) = i**3 + 17*i**2 + 16*i + 11. Let c be u(-16). What is the highest common divisor of c and 11?
11
Let w = 6 + -4. Let o be (-1*w - -8)*1. Suppose -o = -2*s - 0. What is the greatest common factor of s and 2?
1
Let g(i) = -17*i + 1. Let x be g(1). Let z be (-5)/(-1)*x/(-5). Let h be 9/(-6)*(-24)/9. What is the highest common factor of h and z?
4
Let i(c) = c + 12. Suppose 0 = -2*x + k - 4*k + 6, -4 = -2*x - 2*k. Let n = -5 - x. Let u be i(n). What is the greatest common factor of 63 and u?
7
Suppose -8*n = -762 - 30. What is the greatest common factor of n and 33?
33
Let y be 1/((2/156)/(7/21)). What is the greatest common factor of y and 26?
26
Suppose -4*n - l + 19 = -10, 5*n = 4*l + 52. What is the greatest common factor of 8 and n?
8
Let h(p) = -12*p**2 + 3 + 20*p**2 - 7*p**2. Let r be h(3). What is the highest common divisor of r and 36?
12
Let j = -14 - -19. Suppose -4*g + 167 = j*p, -g + 2*p = 29 - 87. What is the greatest common factor of 6 and g?
6
Suppose -4*y - 21 = -7*y + 2*m, 15 = 3*y - 4*m. Let b be 3/2*(1 + 5). Calculate the highest common factor of b and y.
9
Let t = 2 - 0. Let y(j) = -j**3 - j**2 - 2*j - 2. Let i be y(-2). Suppose -5*o + t*n + 162 = 3*n, i = 3*n. What is the highest common factor of o and 16?
16
Suppose 3*q - 6 = q. Calculate the greatest common divisor of q and 12.
3
Let b(x) = -x + 17. Let t be b(12). Suppose 64 + 1 = t*r. Let k = -18 - -31. What is the highest common divisor of k and r?
13
Suppose 2*s - 1 = s. Let a be (0 + s)/(-1)*-1. Suppose 5*i = a - 11, -3*i = -h + 17. What is the greatest common divisor of h and 88?
11
Let c be (12/4)/(6/10). Suppose -z + c*z = 128. Let u(w) = -2*w. Let g be u(-4). Calculate the greatest common factor of g and z.
8
Suppose w = 2*w - 11. Suppose -5*r - 4*o = -37, 4*r + 4*o = 5*r - 17. Let x = r + 2. Calculate the highest common factor of w and x.
11
Let o(z) = -3 + 3 + 3 - 3*z - 2*z. Let u be o(2). Let x = u + 13. Calculate the highest common divisor of x and 15.
3
Suppose 4*o - 11 + 3 = 0. Suppose 4*f = -12, 3*n = -o*n - f + 347. What is the greatest common factor of 14 and n?
14
Let b(o) = o**2 - 4*o - 8. Let n be b(-7). Let r = n + -9. Suppose 0*w = -5*w + 60. What is the greatest common divisor of r and w?
12
Let a(w) = w**3 + 7*w**2 - w + 2. Let g be a(-7). Let m be -30*(g/(-5) - -1). Calculate the highest common divisor of 264 and m.
24
Let c(u) = 95*u**2 - 4*u + 4. Let o be c(1). What is the greatest common divisor of o and 76?
19
Suppose -h + 1 = -11. Suppose 2*f + 3*f = 0. Suppose 4*o = -f*g - 3*g + 39, g + 3 = 0. Calculate the greatest common factor of o and h.
12
Let d(r) = r**3 - r + 20. Let n be d(0). Let b(k) = -50*k. Let m be b(-1). Calculate the highest common factor of m and n.
10
Let f = -13 + 14. What is the greatest common divisor of f and 3?
1
Let g(o) = 0*o + 6 + o + 2 - 2. Let a be g(-4). Calculate the greatest common divisor of a and 18.
2
Suppose -3*g - 3 = q, -3*q + 8*q + 2*g - 24 = 0. Calculate the greatest common factor of 24 and q.
6
Let f(b) = 3*b**3 + 2*b**2 - 4*b + 3. Let m be f(2). Let h = m - 7. Suppose -x + 11 = 1. What is the highest common factor of h and x?
10
Suppose 1 = -i + 5*z, i - 2*i - 2*z + 6 = 0. What is the highest common factor of 44 and i?
4
Suppose -u = -5*a - 43, u + 4*a + 2 = 9. Calculate the greatest common factor of u and 23.
23
Let g = -7 + 9. Suppose 410 + 10 = g*p + 5*d, -3*d - 420 = -2*p. Suppose 0 = 5*y - 7*y + 42. Calculate the greatest common factor of y and p.
21
Let h(l) = l**2 + 3*l - 6. Let v(z) = -z + 6. Let u be v(0). Let s be h(u). Suppose 0 = -2*d - 16 + s. Calculate the greatest common divisor of d and 2.
2
Let k be ((7 + -3)/4 - 0)*37. Calculate the greatest common divisor of k and 185.
37
Let x be (-460)/30*9/(-6). Calculate the greatest common divisor of x and 92.
23
Suppose -4*v + 26 = 4*r - 74, v = -4*r + 40. Suppose 35 + v = 5*n. Suppose 17 = p + 3*d - n, 20 = p + 5*d. Calculate the highest common factor of 100 and p.
20
Suppose 6*k = -k + 70. Calculate the highest common divisor of k and 2.
2
Let j(t) = t**2 + 5*t - 19. Let d be j(-8). Calculate the highest common divisor of 65 and d.
5
Let z(u) = 2*u**2 - 3*u + 2. Let k be z(2). What is the greatest common factor of k and 4?
4
Suppose -39 = -3*t - 2*a, -a = -3*t - 6*a + 48. Let h = 19 - t. What is the greatest common factor of 1 and h?
1
Suppose -2 = -3*u + 4. Suppose -4*l + 3*y = -126, 0 = 2*l + l + u*y - 86. What is the greatest common factor of 6 and l?
6
Suppose 5*f = 39 + 46. Suppose 4*a + f = 3*